-55 + 39. Let m = 6 - i. List the prime factors of m.
2, 11
Let t = 10 - -128. List the prime factors of t.
2, 3, 23
Suppose -2*c = -3*c. Suppose 0 = 3*l - c*l - 6. List the prime factors of l.
2
Let l = 7 - 10. Let r be (6/(-2))/l*5. Suppose -n + t + 16 = 3*n, 0 = r*n + t - 11. What are the prime factors of n?
3
Suppose 125 = 5*c + 2*i, -5*c + i = 4 - 144. List the prime factors of c.
3
Let c = 20 + -53. Let s = c - -75. List the prime factors of s.
2, 3, 7
Let w = 9 - -42. Suppose -f - w = -4*f. What are the prime factors of f?
17
Let p(r) = r**2 - 3*r + 84. List the prime factors of p(0).
2, 3, 7
Suppose 0 = 7*x - 3*x - 16. Suppose 0 = 2*q - 0 - x. List the prime factors of (q/(-6))/((-3)/99).
11
Let x(o) = o + 7. Suppose 0*g = -2*g. What are the prime factors of x(g)?
7
Let w be (-2)/6 + (-4)/6. What are the prime factors of (8 + (w - 1))/2?
3
Let x = 1 - -11. Suppose -x = -2*u - 0*u. List the prime factors of u.
2, 3
Suppose 0 = -2*u - 5*a + 27, -5*u - 2*a = -2*u - 35. List the prime factors of u.
11
Let x = -3 + 5. Suppose 4*f = 2*g - 20, -25 = 4*g - x*g + 5*f. Suppose 0 = -g*p + 4*p + 3*t - 1, 0 = 5*p - 2*t - 30. What are the prime factors of p?
2
Suppose 0 = k - 0*k - 6. Let q be ((-6)/(-9))/(2/k). Suppose 0 = 5*l - h - 61, -q*l + 3*l - 4*h = 16. What are the prime factors of l?
2, 3
Let a(f) be the second derivative of f**4/12 + f**3 - f**2/2 - 4*f. List the prime factors of a(-7).
2, 3
Let m(o) = 9*o**2 + 3*o - 2. List the prime factors of m(1).
2, 5
What are the prime factors of 2/2 + 52/2?
3
Let t be (-33)/(-12) - 1/(-4). Suppose 0 = -4*q + 5*q - 3*s + 3, 3*q + t*s = -21. Let u = q + 15. What are the prime factors of u?
3
Suppose k + 2*a - 7 = 0, -a = -4*k - 0 - 8. List the prime factors of k + 14 + -1 + 1.
13
Let d be 21/6 - 3/(-2). Suppose d*y + 3 - 43 = 0. What are the prime factors of y?
2
Let d = -53 - 27. Let f = d - -116. What are the prime factors of f?
2, 3
Suppose 94 = 3*l - l - q, -119 = -3*l - 4*q. List the prime factors of l.
3, 5
Let w(d) = -d**3 + d**2 - 2*d + 268. List the prime factors of w(0).
2, 67
Suppose -3*b = -s - 0 + 16, 0 = -4*s - 3*b + 49. Suppose -34 = -3*t + 2*j - 12, s = t + 5*j. List the prime factors of t.
2
Suppose 8 + 7 = 2*p - 3*w, 4*w = p. List the prime factors of p.
2, 3
What are the prime factors of (86/(-3))/(2/(-3))?
43
Let z(k) = -49*k + 2. Let w be z(-2). Suppose 0*n - 2*n = -w. Suppose -6*a + n = -a. List the prime factors of a.
2, 5
Let u = 11 - 12. What are the prime factors of u*4*(-11)/2?
2, 11
Let i be (-3 - 4)/(2/6). List the prime factors of (-1)/1 - i - 0.
2, 5
Suppose -29 = -3*b - 5. What are the prime factors of b?
2
Let u(j) = j**2 + 12*j - 47. What are the prime factors of u(-21)?
2, 71
Suppose 2*o - 4*h - 24 - 106 = 0, 0 = -3*h + 15. What are the prime factors of o?
3, 5
Suppose a = -3*a. Suppose -4*j + 2*j + 2 = a. Suppose 2*o = 15 - j. What are the prime factors of o?
7
Suppose 0 = 2*f + p - 35, 5*p - p = -f. Suppose -f - 22 = -2*n. List the prime factors of n.
3, 7
Let s = 175 + -111. Let m = -20 + s. List the prime factors of m.
2, 11
Suppose 10 = 2*x, -3*k + 38 = -2*k + 3*x. List the prime factors of k.
23
Suppose 0 - 2 = 2*x. Let b = 5 - x. List the prime factors of 66/10 - b/(-15).
7
Suppose 2*b = -2*b - 32. Let a(l) = -l**3 - 9*l**2 - 9*l - 3. What are the prime factors of a(b)?
5
Let j(g) = g**2 + 13*g + 14. What are the prime factors of j(-12)?
2
Let g = -7 + 19. Let h be 30/g + 1/2. Suppose h*i + 8 = 20. List the prime factors of i.
2
Suppose 3*q - 13 = 2*n, -1 = -2*q - 2*n + 11. List the prime factors of q.
5
What are the prime factors of (31/(-4))/((-6)/48)?
2, 31
Suppose v - 18 - 21 = 0. List the prime factors of v.
3, 13
Let b be -3*(2 - 6/2). Suppose x = 3*j + 24, b*j + 2*j = -x + 32. List the prime factors of x.
3
Let w be 6/(-2) + 0 + 6. What are the prime factors of 3*w/((-18)/(-46))?
23
Let p be 5 - (2 - (0 + 2)). Suppose 0*t = p*t - 100. Suppose -d - 2*j + 4 + 4 = 0, d = 4*j + t. List the prime factors of d.
2, 3
Let t(z) = z + 8. Let k be 0*2*1/4. Let g be t(k). Let y = 2 + g. What are the prime factors of y?
2, 5
Let t(x) = -3*x**3 - 4*x**2 - 4*x - 2. List the prime factors of t(-2).
2, 7
Suppose -4*x - 42 = -2*c, 4*x + 120 = 5*c - x. What are the prime factors of c?
3
Let b = 2 - 0. List the prime factors of (3/(-6))/(b/(-32)).
2
Let q(k) = -k**3 + 10*k + 2. List the prime factors of q(-7).
5, 11
Suppose 4*r - 6 = k, 0*r - 3*r - 3*k = -12. Suppose 6*l = -3*l + 18. Suppose 3*u - 19 = -2*q + l*u, -r*q + 17 = -u. What are the prime factors of q?
3
Let k(i) = -3*i**3 + i**2 - i - 1. Let f be k(-1). Let h be 46/(-10) - f/10. What are the prime factors of 60/(-25)*1*h?
2, 3
Let n be -2 + 1/(-1) + 7. Let h be n/(-22) + (-105)/(-33). Suppose -4*r - h = -27. What are the prime factors of r?
2, 3
Let l = 324 + -96. What are the prime factors of l?
2, 3, 19
Let j(q) = -3*q**3 + 8*q**2 - q**3 + 5*q**3 + 2*q + 8. Let w be j(-8). List the prime factors of w*(9/(-6) - 0).
2, 3
Let s be 176/10 - (-2)/5. Let p = 12 - s. List the prime factors of 15/p*(-4)/1.
2, 5
Let z(m) = -2*m**3 + 2*m**2 + 2*m - 3. Let c be z(2). Let d(p) = -p**2 - 8*p - 3. What are the prime factors of d(c)?
2
Let m = 6 + -1. Let x = 10 + m. List the prime factors of x.
3, 5
Let v(c) = -c**3 - 2*c**2 - 3*c - 3. Suppose 0 = -5*h + 3*h + 6. Suppose 12 = -m - h*m. What are the prime factors of v(m)?
3, 5
Suppose 0*s - 5*s = -2*c + 13, s + 4*c + 7 = 0. Let u(g) = -2*g**3 - 3*g**2 + 2*g - 3. List the prime factors of u(s).
2, 3
Suppose -5*l + 144 + 196 = 5*z, 4*z + 2*l = 264. List the prime factors of z.
2
Let d(c) = 5*c - 1. Let g be d(1). Let s = g - 0. Suppose -21 = -3*x + 2*z, 7*x - 2*x + s*z = 13. What are the prime factors of x?
5
Let k(r) = -7*r + r + 2*r**2 - 4*r + 6. Let j be k(6). Suppose -2*h = -0*h - j. What are the prime factors of h?
3
Suppose -4*u + 0*u = 0. Suppose -3*t + 0*t - 15 = u. Let a = 3 - t. What are the prime factors of a?
2
Suppose a + 5 = 0, -3*a + 268 = 4*d + a. What are the prime factors of d?
2, 3
Suppose 0 = -v + 3*v + 20. Let y = 14 + v. Suppose 0*t - t = -y*j - 2, -4*j + 18 = t. List the prime factors of t.
2, 5
Suppose 11*w - 531 = 2*w. What are the prime factors of w?
59
Let z(c) = c. Let t be z(0). Suppose -k = -3*g - 5 - 15, k + g - 16 = t. What are the prime factors of k?
17
Let a(p) = p**3 + p + 58. List the prime factors of a(0).
2, 29
Suppose 4*z - 4*k - k - 183 = 0, -5*z + 250 = -2*k. List the prime factors of z.
2, 13
What are the prime factors of 489/2*(-12)/(-18)?
163
Suppose -4*z - 8 = -88. What are the prime factors of (24/z)/(6/20)?
2
Let v(b) = 4*b**2 + 2*b + 3. List the prime factors of v(-2).
3, 5
Suppose 2*w = -4*x + 342, 2*x + 2*w + 79 = 247. List the prime factors of x.
3, 29
Suppose 16 + 174 = 10*c. List the prime factors of c.
19
Suppose 0 = -u + 5*d + 32, 0 = 2*u - 6*u + 3*d + 162. What are the prime factors of u?
2, 3, 7
Let d = 38 - 25. Suppose 3*g - 2*t + d - 127 = 0, -5*g - t = -203. What are the prime factors of g?
2, 5
Let l(o) = 3*o**2 - 4*o - 1. Let h(f) = 3*f**2 - 3*f - 1. Let k(g) = 6*h(g) - 5*l(g). Let b be (-2)/(-4)*(-5 - -1). List the prime factors of k(b).
7
What are the prime factors of (1/(-3))/((-1)/111)?
37
Let a be 1/1 - (6 + -8). Suppose -a*m - 124 = -4*x - 4*m, 4*m = 4*x - 144. Let o = -22 + x. List the prime factors of o.
2, 5
Let g = 34 + -14. Let f(u) = u - 1. Let r be f(5). Suppose 3*o + r - 27 = 4*q, -2*o - 2*q = -g. What are the prime factors of o?
3
Let z = 34 - -32. What are the prime factors of z?
2, 3, 11
Let y(k) = -k**2 - 13*k + 13. List the prime factors of y(-10).
43
Let r(a) = -a**2 - 14*a + 7. Suppose 5*v + n = -66, 3*v + v + 3*n = -44. List the prime factors of r(v).
7
Let c = -15 + 17. Suppose 0 = c*l + l - 12. What are the prime factors of l?
2
Let b(d) = -d**2 + 6*d. Let y be b(6). Suppose 3*m - 26 = 5*u, -m + 4*m + u - 20 = y. List the prime factors of m.
7
Let g = 8 + -3. Suppose f = 6*f + g. Let u(j) = -17*j - 1. What are the prime factors of u(f)?
2
Let w(q) be the first derivative of -q**2/2 + 2*q + 3. List the prime factors of w(-2).
2
Suppose 9*u = 528 + 30. What are the prime factors of u?
2, 31
Let n(y) = 4*y**2 + y - 3. Suppose 10 = -3*h + 4. What are the prime factors of n(h)?
11
Let n be 3 